divided by 149?
143
Calculate the remainder when 749 is divided by 221.
86
Calculate the remainder when 1974 is divided by 38.
36
Calculate the remainder when 7520 is divided by 3002.
1516
Calculate the remainder when 27867 is divided by 27857.
10
What is the remainder when 5015 is divided by 138?
47
What is the remainder when 1110134 is divided by 47?
41
What is the remainder when 791508 is divided by 158295?
33
What is the remainder when 3841 is divided by 527?
152
Calculate the remainder when 1920 is divided by 928.
64
What is the remainder when 27314 is divided by 9094?
32
What is the remainder when 3347 is divided by 232?
99
What is the remainder when 111857 is divided by 19?
4
Calculate the remainder when 4011 is divided by 57.
21
Calculate the remainder when 31516 is divided by 598.
420
What is the remainder when 86295 is divided by 8?
7
Calculate the remainder when 54290 is divided by 17893.
611
What is the remainder when 9838 is divided by 295?
103
Calculate the remainder when 804351 is divided by 32.
31
What is the remainder when 284 is divided by 28?
4
What is the remainder when 49479 is divided by 82?
33
What is the remainder when 11863 is divided by 40?
23
Calculate the remainder when 11276 is divided by 11131.
145
What is the remainder when 28112 is divided by 68?
28
Calculate the remainder when 40679 is divided by 565.
564
Calculate the remainder when 86317 is divided by 29.
13
What is the remainder when 17197 is divided by 718?
683
Calculate the remainder when 17127 is divided by 8534.
59
What is the remainder when 649411 is divided by 3?
1
What is the remainder when 29883 is divided by 2132?
35
Calculate the remainder when 105721 is divided by 1047.
1021
Calculate the remainder when 101729 is divided by 176.
1
Calculate the remainder when 62430 is divided by 9.
6
What is the remainder when 3881 is divided by 1835?
211
Calculate the remainder when 21885 is divided by 7289.
18
What is the remainder when 203142 is divided by 891?
885
Calculate the remainder when 176398 is divided by 560.
558
What is the remainder when 3580 is divided by 32?
28
What is the remainder when 4829 is divided by 3703?
1126
Calculate the remainder when 177638 is divided by 506.
32
Calculate the remainder when 38351 is divided by 68.
67
What is the remainder when 116629 is divided by 2200?
29
Calculate the remainder when 95 is divided by 22.
7
Calculate the remainder when 430661 is divided by 41.
38
What is the remainder when 31855 is divided by 111?
109
Calculate the remainder when 1986 is divided by 196.
26
Calculate the remainder when 26916 is divided by 169.
45
What is the remainder when 1829 is divided by 285?
119
What is the remainder when 614895 is divided by 430?
425
What is the remainder when 81803 is divided by 81?
74
Calculate the remainder when 477 is divided by 466.
11
Calculate the remainder when 13864 is divided by 4576.
136
What is the remainder when 7278 is divided by 130?
128
What is the remainder when 6814 is divided by 6812?
2
What is the remainder when 608 is divided by 232?
144
Calculate the remainder when 66922 is divided by 507.
505
Calculate the remainder when 1629600 is divided by 543197.
9
Calculate the remainder when 16832 is divided by 1203.
1193
Calculate the remainder when 4206 is divided by 807.
171
What is the remainder when 7971 is divided by 1586?
41
What is the remainder when 34004 is divided by 493?
480
What is the remainder when 78699 is divided by 4?
3
Calculate the remainder when 9119 is divided by 337.
20
Calculate the remainder when 43653 is divided by 1364.
5
What is the remainder when 61299 is divided by 59?
57
What is the remainder when 786347 is divided by 169?
159
Calculate the remainder when 333 is divided by 130.
73
What is the remainder when 5374 is divided by 5363?
11
What is the remainder when 19946 is divided by 42?
38
What is the remainder when 12429 is divided by 6?
3
What is the remainder when 6040 is divided by 95?
55
What is the remainder when 10650 is divided by 148?
142
What is the remainder when 788 is divided by 147?
53
Calculate the remainder when 17700 is divided by 101.
25
Calculate the remainder when 54976 is divided by 1221.
31
What is the remainder when 930999 is divided by 76?
75
What is the remainder when 19386 is divided by 70?
66
What is the remainder when 3294524 is divided by 975?
974
What is the remainder when 33474 is divided by 18?
12
What is the remainder when 30728 is divided by 115?
23
What is the remainder when 2808098 is divided by 124?
118
Calculate the remainder when 8362 is divided by 450.
262
What is the remainder when 5514 is divided by 612?
6
What is the remainder when 8407 is divided by 126?
91
What is the remainder when 917 is divided by 295?
32
Calculate the remainder when 55018 is divided by 393.
391
Calculate the remainder when 1795 is divided by 351.
40
What is the remainder when 26229 is divided by 430?
429
What is the remainder when 33259 is divided by 33253?
6
Calculate the remainder when 31148 is divided by 2827.
51
Calculate the remainder when 179594 is divided by 178.
170
Calculate the remainder when 4465 is divided by 552.
49
Calculate the remainder when 119801 is divided by 59889.
23
What is the remainder when 2900 is divided by 531?
245
Calculate the remainder when 2223 is divided by 143.
78
What is the remainder when 329918 is divided by 48?
14
Calculate the remainder when 3070 is divided by 1359.
352
What is the remainder when 1488 is divided by 7?
4
Calculate the remainder when 32346 is divided by 186.
168
What is the remainder when 1255 is divided by 597?
61
What is the remainder when 118979 is divided by 44?
3
What is the remainder when 2803 is divided by 142?
105
Calculate the remainder when 2805 is divided by 20.
5
Calculate the remainder when 22466 is divided by 5611.
22
What is the remainder when 28354 is divided by 535?
534
Calculate the remainder when 3906 is divided by 149.
32
Calculate the remainder when 943 is divided by 468.
7
What is the remainder when 1035 is divided by 169?
21
What is the remainder when 254310 is divided by 84770?
0
Calculate the remainder when 742572 is divided by 899.
897
Calculate the remainder when 19874 is divided by 90.
74
What is the remainder when 5262 is divided by 151?
128
What is the remainder when 4609 is divided by 93?
52
What is the remainder when 728303 is divided by 94?
85
Calculate the remainder when 624 is divided by 10.
4
What is the remainder when 1232300 is divided by 1978?
6
Calculate the remainder when 103133 is divided by 32.
29
Calculate the remainder when 11311 is divided by 306.
295
What is the remainder when 8787 is divided by 10?
7
What is the remainder when 395913 is divided by 245?
238
Calculate the remainder when 889277 is divided by 371.
361
Calculate the remainder when 312238 is divided by 354.
10
What is the remainder when 11865 is divided by 3665?
870
Calculate the remainder when 3573 is divided by 12.
9
Calculate the remainder when 31375 is divided by 3477.
82
What is the remainder when 216401 is divided by 1273?
1264
What is the remainder when 6602 is divided by 391?
346
What is the remainder when 4696 is divided by 8?
0
What is the remainder when 508517 is divided by 8?
5
Calculate the remainder when 317635 is divided by 175.
10
What is the remainder when 501 is divided by 170?
161
What is the remainder when 15827 is divided by 5268?
23
What is the remainder when 885153 is divided by 210?
3
What is the remainder when 808 is divided by 273?
262
What is the remainder when 1716 is divided by 10?
6
Calculate the remainder when 652854 is divided by 632.
630
Calculate the remainder when 1184 is divided by 393.
5
Calculate the remainder when 14555 is divided by 1322.
13
Calculate the remainder when 8517 is divided by 30.
27
Calculate the remainder when 210278 is divided by 518.
488
What is the remainder when 244472 is divided by 80?
72
What is the remainder when 4082 is divided by 1284?
230
What is the remainder when 7011 is divided by 988?
95
What is the remainder when 970 is divided by 32?
10
What is the remainder when 2295 is divided by 191?
3
Calculate the remainder when 8142 is divided by 203.
22
Calculate the remainder when 14540 is divided by 1314.
86
What is the remainder whe